Let o(w) = -18*h(w) + v(w). Let y(m) = 2*l(m) + 7*o(m). Let r = 30 + -37. What is y(r)?
-1
Let k be (-35)/(-21) + 3/9. Let x(o) = 1 - 75*o**2 - 72*o**2 + 148*o**k. Calculate x(3).
10
Let c = 2080 - 2069. Let p(d) = -6*d + 66. Calculate p(c).
0
Let x(q) = -q**2 + 11*q - 19. Let o be (4 + (-44)/20)/(135/900). Calculate x(o).
-31
Let q(z) = 3*z - 106. Suppose 0 = 70*s + 14*s - 343 - 2513. Determine q(s).
-4
Let b(s) = s**3 - 1. Let x(p) = 7*p**3 - p**2 + p. Let z(y) = 2*b(y) - x(y). Let c be z(-1). Let h(d) = -d**3 + 5*d**2 - 2*d + 4. What is h(c)?
-6
Let w(t) be the second derivative of t**4/12 - 7*t**3/6 + 3*t**2/2 - 3*t. Let k = 6 - -1. Suppose -5*x + 5 = -5*s, -4*s - k - 2 = -5*x. What is w(x)?
-7
Let r = 153 + -146. Suppose -r*o = 10 + 11. Let b(n) be the third derivative of n**6/120 + n**5/60 - n**4/8 - 2*n**3/3 + 9*n**2. Calculate b(o).
-13
Suppose -2*b + b = 2. Let n(o) = 24*o**2 - 8*o - 17. Let a be n(-3). Let v(z) = -4*z**2 - 4*z + a*z**3 + 2*z - 224*z**3 + 1 + z**2. What is v(b)?
1
Let t = -11819 + 11822. Let b(s) = -s**3 + 2*s**2 + 8. Calculate b(t).
-1
Let r(z) = -z**2 - 3*z + 8. Suppose 9*o - 3185 = -4*o. Suppose 246*u = o*u - 6. Calculate r(u).
-10
Let u(o) be the second derivative of o**4/12 - o**3/2 + 3*o**2/2 + 45146*o + 1. Let d be (-1)/(-1) + (-2)/(-1). Suppose -d*s - 6 = -4*s. Give u(s).
21
Let p(i) be the first derivative of -2*i**2 - 4*i - 21. Let f(c) = -c - 1. Let w(t) = 5*f(t) - p(t). Let m(u) = -u - 4. Let l(h) = m(h) - 2*w(h). What is l(4)?
2
Let w(b) = b**2 + 22. Let u be w(5). Let x(v) = -2 + 1 - 29*v - 24*v + u*v. Determine x(4).
-25
Let i(j) = j + 13*j**2 - 3*j**2 - 3*j + j**2 - 2 + 4*j**3 + 1. Let y(u) = -7*u**3 - 20*u**2 + 3*u + 2. Let r(v) = 5*i(v) + 3*y(v). Calculate r(-5).
6
Let g(k) = k**3 - 14*k**2 + 11*k + 31. Suppose -8*h + 12 = -7*h - p, 0 = 3*h + 5*p - 44. Determine g(h).
5
Let s(y) = -y**2 - 1. Let d = 44 + -39. Let z(x) = -2*x + 6. Let n be z(d). Let r be 20/n - (-6 - -4). What is s(r)?
-10
Let w be ((-21)/2)/((132/(-264))/((-1)/3)). Let o(j) = 7*j - 2*j + 2*j + 8. Determine o(w).
-41
Let h be (48/(-18))/((-4)/42). Let y(t) = h - 23*t - 29 + 24*t. Calculate y(-8).
-9
Let w be ((-2)/3)/(10/(-75)). Suppose -10 = w*i - 5*g + 5, -i - 2*g = -12. Let u(v) = v - 5*v + i*v + v + 5. Calculate u(-4).
9
Let z(b) = b + 48. Let i be z(24). Suppose 59*n = i*n. Let k(p) = -p - 12. Determine k(n).
-12
Let m(a) = a**2 + 25*a - 21. Let r(x) = -7*x**2 + 59*x - 150. Let i be r(4). Determine m(i).
5
Let v(h) = 5*h - 14. Let m(o) = 22*o - 55. Suppose 0 = 7*b + 12 + 2. Let w(k) = b*m(k) + 9*v(k). Calculate w(12).
-4
Let b(p) be the second derivative of -p**4/12 + 7*p**3/6 - 3*p**2 - 465*p. What is b(12)?
-66
Let v(g) = g**3 + 6*g**2 + 7*g + 2. Let u(n) be the first derivative of 2*n**3/3 + 25*n**2/2 - 18*n + 17. Let m be u(-13). Calculate v(m).
-8
Suppose -22*l = -17*l - 10. Let y(f) = f**3 - f**2 + 850. Let b be y(0). Let a(j) = -j**3 - l*j + 853 + 3*j - b + 3*j**2. Calculate a(3).
6
Let t(j) = -j**3 - 4*j**2 - 2*j - 2. Let u be ((-6)/(-8 + 6))/3. Suppose -3*h = -k + 17 - u, -4*k = 4*h. What is t(h)?
6
Let g(p) = 2*p - 9. Let k(v) = v - 4. Let o = 213 - 216. Let f(x) = o*g(x) + 7*k(x). Give f(2).
1
Let j(d) = d**2 + 72*d + 62. Let w be j(-71). Let u(m) = m**3 + 11*m**2 + 20*m + 17. Give u(w).
-1
Let c(u) = 10 + 17*u**2 + 18*u**2 + 9*u**2 - 5*u - 2*u**3 - 34*u**2. Let j(z) = z**3 - 5*z**2 + 2*z - 5. Let s(b) = -4*c(b) - 7*j(b). Calculate s(4).
3
Let g = -297 + 304. Suppose 0 = -5*j - 0 - 5, 5*j = 2*o - g. Let z(l) = 2*l**2 - 2*l + 1. Give z(o).
1
Let a = 2 + 3. Let f(t) be the second derivative of -2*t**3/3 + 3*t**2 + 6790*t - 2. Calculate f(a).
-14
Let y(t) = -3*t - 4. Let c = -214 + 220. Suppose -4*z = -2*n - 2*z - 12, -n - c = 4*z. Determine y(n).
14
Let k be (165/30)/(-4*2/(-16)). Let w(h) = 5*h - 27. Calculate w(k).
28
Let i(a) = a**2 - 38*a - 35. Let v be i(36). Let p = -113 - v. Let x(o) = -3*o + 6. Determine x(p).
24
Suppose -4*k + 180 = k + 5*v, 5*v - 44 = -k. Suppose -p = -3*p - 3*l - 24, -k = 3*p + 4*l. Let r(h) = h**2 + 7*h + 8. Give r(p).
2
Let s(y) = -2*y**3 + 25*y**2 - 13*y + 27. Let m(f) = -f**2 + 33*f - 188. Let n be m(8). What is s(n)?
15
Let v(c) = -2*c**3 + 4*c**2 + 4*c - 6. Suppose 4*u + 14 = -3*u. Let w(z) = -4*z**3 + 9*z**2 + 9*z - 14. Let m(p) = u*w(p) + 5*v(p). Calculate m(2).
-6
Let i = 109 - 109. Suppose -5*u - 15 = -4*h - 2, -3*h = -u - 7. Let p(o) = 8 + 3*o**h - 2*o**2 + o + 10. Calculate p(i).
18
Let l = 1829 - 1829. Let x(u) = 3*u + 18. Let f(m) = -2*m - 19. Let p(h) = -4*f(h) - 3*x(h). Calculate p(l).
22
Suppose 2*a + 40*s = 38*s + 44, 0 = a + 5*s - 22. Suppose 2*b - a*b = -160. Let g(c) = -2*c + 12. Determine g(b).
-4
Let p(k) = 1 - 10 - k + 781536*k**2 - 781518*k**2 - k**3. What is p(18)?
-27
Let u be ((-2)/(-16))/((-12)/(-1104)*23). Let t(y) be the first derivative of -2 + 6*y + u*y**2. Calculate t(0).
6
Let i(k) = 9*k**3 + 3*k**2 - 55*k - 19. Let y(l) = -4*l**3 - l**2 + 26*l + 10. Let r(z) = 3*i(z) + 7*y(z). What is r(-3)?
7
Suppose 5*n = 50*m - 55*m + 20, -4*n + 9 = -3*m. Let j(f) = -f**2 + 6*f - 3. Calculate j(n).
6
Let t = -262 + 275. Let x be (-1)/(-5) - t/65. Let q(b) = -b**2 - b - 27. Give q(x).
-27
Let j(x) = 0*x + 4*x - 11 - 5*x + x**3. Let g be 0/((-17)/((-17)/(-2))). Calculate j(g).
-11
Let k be (-14 - -6) + 2 + 0/(-2). Suppose 3*q - 13 = -5*m, 2*m - 4*q = 3*m + 11. Let z(j) = j**3 - m*j - 2*j - 80*j**2 + 85*j**2. Give z(k).
6
Let o(m) = m**3 + 6*m**2 + 9*m + 16. Suppose -4*b + w = 10, 142*b - 140*b - 4 = 2*w. Calculate o(b).
12
Let o(l) = -2*l**3 + 6*l**2 + 19*l + 5. Let h be o(-2). Let b(i) = -4*i + h*i - 15 - 1 - 9. Calculate b(10).
5
Let x(r) be the first derivative of r**4/4 + 4*r**3 - 19*r**2/2 + 6*r - 5731. Calculate x(-13).
84
Suppose -44*r = -45*r + 5. Let f(q) = -r*q**3 + 42*q - 11*q - 15*q + 3*q**2 - 19*q. Give f(2).
-34
Let o(a) = 6*a**2 - 11*a - 1. Let h(w) = 5*w**2 - 10*w + 3. Let l(n) = 5*h(n) - 4*o(n). Give l(5).
14
Let d(c) = c**2 - 252*c + 14029. Let p be d(83). Let s(w) be the first derivative of -18 + 2/3*w**3 + 3*w**p + w. Give s(-4).
9
Let z(v) = 4*v - 2*v + 0*v - 2. Suppose 42*p - 1593 + 8649 = 0. Let o be 792/p + 4/(-14). What is z(o)?
-12
Let o be 1/((1/18*1)/(-1)). Let k(h) = -h**3 - 17*h**2 + 17*h - 9. Let t be k(o). Let v(m) = -3*m + 5 + 2*m**2 - m**3 + 7*m**2 + 2*m. What is v(t)?
-4
Let m(w) = -5*w - 210. Let j = -4804 - -4763. Calculate m(j).
-5
Let a be (-114)/30*2 + (-2)/5. Let j = a - -1. Let u(q) = -5 - q**2 - 7 + 3 + 6 - 6*q. Give u(j).
-10
Let b(s) be the second derivative of -7*s**3/6 - 95*s**2/2 + 134*s. Give b(-13).
-4
Let x(y) be the second derivative of -y**4/12 + y**3/2 - 2*y**2 + 1096*y. What is x(4)?
-8
Let c be (-81)/(-63) + (-3 - 38/(-14)). Suppose u - 4*r = -u + 10, -3*r + 42 = 4*u. Suppose -3*h + 4*h - u = -v, 3*h + c = v. Let f(d) = d - 10. What is f(v)?
-3
Let a(m) = -2*m - 3. Let v(i) = -i**2 + i + 5. Let y be v(4). Suppose 0 = -78*l + 246 - 90. Let c = l + y. Give a(c).
7
Let m(k) be the second derivative of -k**5/20 + 5*k**4/12 - k**2 - 21*k. Let h = -41 + 62. Let n be (h/(-14))/((-3)/10). Determine m(n).
-2
Let f(b) = -b - 1. Let m(a) = 1. Let j = -625 - -622. Let p(n) = j*f(n) - 7*m(n). Determine p(1).
-1
Let x(b) = -3 - b - 6*b**2 - 6*b**2 - 6*b**2 + 19*b**2. Let v(m) = -6*m**2 + m + 10. Let z(t) = -v(t) - 5*x(t). Give z(-4).
5
Suppose 0 = -6*f - 7 + 31. Suppose f*p = -n + 16, 0*p = -3*p + 15. Let j(v) = -v**3 - 5*v**2 - 2*v - 1. Let u be j(n). Let t(b) = -b**2 - 10*b - 9. Give t(u).
0
Let v = -4613 - -4611. Let q(t) = -11*t**2 - 3*t - 6. Determine q(v).
-44
Suppose 0 = -3*n + 9, 5*m + 4*n - 576 = m. Let d(s) = m + 136 + 2*s - 282. What is d(-6)?
-17
Let d(k) be the first derivative of k**4/4 + k**3/3 + 97*k - 79. What is d(0)?
97
Suppose -25*q + 31*q = 246. Let d(w) = w - q*w**2 - w**3 + 34 + 48*w**2 - 40. Let s be 7 - ((-1 - -2) + -1). Calculate d(s).
1
Suppose 33*n - 11*n = 44. Let y(j) = -j + 5*j - 2*j**n - 3*j + 0*j. Give y(2).
-6
Let w(i) = -i**2. Let j(n) = -n**3 - n**2 + 2. Let p(b) = -13*b - 60. Let t be p(-5). Let l(a) = t*w(a) + j(a). What is l(-3)?
-25
Let q(y) be the second derivative of -8*y + 2 + 0*y**3 + y**2 + 1/12*y**4. Give q(-5).
27
Suppose 0 = -43*z + z + 679 - 259. Let m(j) = -j**3 + 11*j**2 - 14*j